{"id":20,"date":"2014-12-23T15:50:21","date_gmt":"2014-12-23T14:50:21","guid":{"rendered":"http:\/\/www.groobert.de\/wordpress\/?page_id=20"},"modified":"2025-12-18T11:40:24","modified_gmt":"2025-12-18T10:40:24","slug":"ueber-mich","status":"publish","type":"page","link":"https:\/\/www.groobert.de\/wordpress\/?page_id=20","title":{"rendered":"\u00dcber mich"},"content":{"rendered":"<p><a href=\"http:\/\/www.groobert.de\/wordpress\/wp-content\/uploads\/2014\/12\/02.jpg\" rel=\"lightbox[20]\"><img loading=\"lazy\" decoding=\"async\" class=\"alignnone wp-image-27 size-full\" src=\"http:\/\/www.groobert.de\/wordpress\/wp-content\/uploads\/2014\/12\/02.jpg\" alt=\"02\" width=\"825\" height=\"507\" srcset=\"https:\/\/www.groobert.de\/wordpress\/wp-content\/uploads\/2014\/12\/02.jpg 825w, https:\/\/www.groobert.de\/wordpress\/wp-content\/uploads\/2014\/12\/02-300x184.jpg 300w, https:\/\/www.groobert.de\/wordpress\/wp-content\/uploads\/2014\/12\/02-488x300.jpg 488w\" sizes=\"auto, (max-width: 825px) 100vw, 825px\" \/><\/a><\/p>\n<p>Ich wurde 1981 in Bamberg geboren. Meine Eltern dachten damals Robert w\u00fcrde gut zu M\u00fchlich klingen. Einige Jahre sp\u00e4ter wurde ich Softwareentwickler, Ex-Fu\u00dfballer, Comicautor, Filmfan, Gamer und vieles mehr. Auf dieser Seite m\u00f6chte ich \u00fcber meine und andere Comics, Reisen, Filme, Computerspiele und alles was mich sonst noch bewegt bloggen.<\/p>\n","protected":false},"excerpt":{"rendered":"<p>Ich wurde 1981 in Bamberg geboren. Meine Eltern dachten damals Robert w\u00fcrde gut zu M\u00fchlich klingen. Einige Jahre sp\u00e4ter wurde ich Softwareentwickler, Ex-Fu\u00dfballer, Comicautor, Filmfan, Gamer und vieles mehr. Auf dieser Seite m\u00f6chte ich \u00fcber meine und andere Comics, Reisen, &hellip; <a href=\"https:\/\/www.groobert.de\/wordpress\/?page_id=20\">Weiterlesen <span class=\"meta-nav\">&rarr;<\/span><\/a><\/p>\n","protected":false},"author":2,"featured_media":0,"parent":0,"menu_order":0,"comment_status":"closed","ping_status":"closed","template":"","meta":{"footnotes":""},"class_list":["post-20","page","type-page","status-publish","hentry"],"_links":{"self":[{"href":"https:\/\/www.groobert.de\/wordpress\/index.php?rest_route=\/wp\/v2\/pages\/20","targetHints":{"allow":["GET"]}}],"collection":[{"href":"https:\/\/www.groobert.de\/wordpress\/index.php?rest_route=\/wp\/v2\/pages"}],"about":[{"href":"https:\/\/www.groobert.de\/wordpress\/index.php?rest_route=\/wp\/v2\/types\/page"}],"author":[{"embeddable":true,"href":"https:\/\/www.groobert.de\/wordpress\/index.php?rest_route=\/wp\/v2\/users\/2"}],"replies":[{"embeddable":true,"href":"https:\/\/www.groobert.de\/wordpress\/index.php?rest_route=%2Fwp%2Fv2%2Fcomments&post=20"}],"version-history":[{"count":9,"href":"https:\/\/www.groobert.de\/wordpress\/index.php?rest_route=\/wp\/v2\/pages\/20\/revisions"}],"predecessor-version":[{"id":172,"href":"https:\/\/www.groobert.de\/wordpress\/index.php?rest_route=\/wp\/v2\/pages\/20\/revisions\/172"}],"wp:attachment":[{"href":"https:\/\/www.groobert.de\/wordpress\/index.php?rest_route=%2Fwp%2Fv2%2Fmedia&parent=20"}],"curies":[{"name":"wp","href":"https:\/\/api.w.org\/{rel}","templated":true}]}}